4*b. What is the units digit of j(6)?
8
Let u(v) = 2*v**3 - 3*v**2 - 3*v. What is the tens digit of u(4)?
6
Let w(a) = -a**3 - a + 5. Suppose 3*r = 3*q + 3, 3*q - 5*r + 1 = 4. Let d = q - -4. What is the units digit of w(d)?
5
Suppose r + 23 - 71 = -5*f, 3*r = -5*f + 104. What is the tens digit of (r/6)/((-3)/(-18))?
2
Suppose 5*v - 23 = -4*w, 5*w - 2*w - 5*v - 26 = 0. What is the units digit of w?
7
Suppose 2*h - 3*m - 6 = -5*m, 2*m + 29 = 5*h. Suppose 0 = -5*z + h + 30. Suppose 4*i + z = 19. What is the units digit of i?
3
Suppose 6*u - 2*u - 44 = 0. What is the tens digit of u?
1
Suppose -30 = -0*z - 2*z. Let h be 81/z + 6/(-15). Suppose -h*f + 16 = -4*f + 2*l, 0 = -2*f - 3*l + 31. What is the units digit of f?
4
Let y(d) = -3*d + d**2 + 2*d - 4*d + 1. Let t = -52 + 57. What is the units digit of y(t)?
1
Let w(l) = -2*l**3 - 3*l**2 - l + 2. Let c be w(-3). Suppose c - 12 = 4*t. Suppose t*z - 19 = -3*k, -5*k - 5*z - 8 + 33 = 0. What is the units digit of k?
3
Let n be 25 - 1 - (2 - 3). Let m be 1*(5 - (-2 + 2)). Suppose -m*p = -n, -3*p - 12 + 37 = 5*k. What is the units digit of k?
2
What is the tens digit of ((-6)/(-4))/((-6)/(-184))?
4
Let x(z) = -z**3 - 4*z**2 - 3. Let o be x(-4). Let r = o - -13. What is the tens digit of (-1 - 0)*-1*r?
1
Let x = 11 + -7. What is the units digit of ((-2)/5)/(x/(-140))?
4
Let w be 1 - (1 + 0)*26. Let t = 36 + w. What is the tens digit of t?
1
Suppose 35 = 6*h - h. Suppose 13 = 5*t - h. What is the units digit of t?
4
Suppose 0 = 15*t + t - 1696. What is the hundreds digit of t?
1
Let a be 3 + (-2)/2 + 4. Suppose 3*x = 53 + 49. Suppose -4*p - a = -x. What is the units digit of p?
7
Suppose 1068 = 4*i + t - 53, -1139 = -4*i + 5*t. What is the units digit of i?
1
Suppose 0 = -3*b - 2*b - 3*h + 1039, 631 = 3*b - 2*h. What is the hundreds digit of b?
2
Suppose 4*n = -2*p - 16, 0*p = 4*p + 3*n + 37. Let s be 2 - 9/3 - p. What is the units digit of 1 - 3/s*0?
1
Suppose -3*r - i - 11 = -4*r, -2*r - 3*i + 12 = 0. What is the units digit of r?
9
Let x = 81 - 66. What is the tens digit of x?
1
Let p = 104 - 71. What is the tens digit of p?
3
Suppose t + 1638 = 7*t. What is the hundreds digit of t?
2
Let s(w) be the first derivative of w**4/4 - w**2/2 + 13*w - 5. What is the units digit of s(0)?
3
Let l be (6/(-9))/(4/(-66)). Let f = l + 13. Suppose 2*i + f - 4 = 4*m, -2*m - 5*i + 10 = 0. What is the units digit of m?
5
Suppose -2*h + 2*a + 16 = -0*h, 4*h - a = 17. What is the units digit of h/12*-2*-6?
3
Let d be (-2 + 4)*14/(-4). Let h(l) = -l**2 - 9*l - 8. Let v(s) = s**2 + 10*s + 9. Let f(y) = d*h(y) - 6*v(y). What is the units digit of f(-4)?
6
What is the units digit of (1 + 165/6)*6?
1
Suppose 5*m - 19 = -3*i, 3*i = m + 10 - 3. Suppose 6*d - 3*o = d + 50, 2*d + i*o = -1. What is the units digit of d?
7
Suppose -a - 25 = -2*a. Let j = a - 15. What is the units digit of j?
0
Let z(t) be the second derivative of -t**4/12 + 5*t**3/2 + 8*t**2 + 6*t. What is the units digit of z(15)?
6
Suppose 0 = 3*c + 2*c - 10. Suppose 7 = -5*b + c. Let w = b + 5. What is the units digit of w?
4
Suppose -2*x - 12 = x. Let g(l) be the third derivative of -l**5/60 - l**4/6 + 2*l**3/3 - l**2. What is the units digit of g(x)?
4
Suppose -2*v = -3*h - 5, -2*v = 3*v - h - 19. Suppose -3*q + 17 = -v*y - 52, 3*y = 2*q - 47. What is the units digit of q?
9
Suppose -3*m + 0*b + 1 = 2*b, 4*b + 6 = 2*m. What is the units digit of m/4 + 35/4?
9
Suppose 19 + 7 = 2*t. What is the tens digit of t?
1
Let o = -11 - -21. Suppose -2*n = -v + o, n = -2*v - 2*n + 6. What is the units digit of v?
6
Suppose -5*p = 5*q - 50, -q - 2*p - 4 + 17 = 0. What is the units digit of q?
7
Suppose -2*j + 8 - 2 = -2*o, -o = 2*j - 3. Let p = -11 + 16. Let v = p + j. What is the units digit of v?
7
Let r = -15 - -15. Suppose -4*k - 2*j = -j - 130, -3*k - 2*j + 100 = r. What is the tens digit of k?
3
Suppose 4*p - 95 = -0*p + 5*l, p = -4*l + 50. What is the units digit of p?
0
Suppose -v + 0*u + 3*u = -4, 2*v - 24 = 2*u. Suppose -5*o = -o - v, -2*o = -4*d. What is the units digit of d?
2
Let y be 6*((-1)/(-1) - 0). Let n(g) = 3*g - 6. Let c(v) = -4*v + 6. Let f(a) = -4*c(a) - 5*n(a). What is the tens digit of f(y)?
1
Let t(w) = 3*w**3 + 6*w**2 - 5*w - 7. Let p be t(-5). What is the units digit of 1/(-4) - p/12?
7
Let x(k) = 54*k**2 + k - 3. What is the hundreds digit of x(2)?
2
What is the tens digit of 12/(-3) + -1 + 119?
1
Suppose -w - 1 = -4*i - 0, 0 = -3*i - 3*w - 3. Suppose 64 = 2*d - 3*n - i*n, -n - 32 = -d. What is the tens digit of d?
3
Suppose -j - 5 = -0. Let v = 8 + j. Suppose v*o = 25 - 7. What is the units digit of o?
6
Let d(i) = -2*i - 10 + i**2 + i - 6*i + i. What is the tens digit of d(9)?
1
Let a(m) = 3*m**2 - 6*m + 13. What is the tens digit of a(5)?
5
Suppose 19 = -4*p + 7. Suppose -4*w + 3*f - 28 = f, -4*f = -w. What is the tens digit of (-122)/w + p/12?
1
Let g(z) = z**2 - 3*z + 8. Let p be g(-4). Suppose -3*o = -p - 9. What is the tens digit of o?
1
Suppose 5*f = 4*a - 35, -51 = -5*a - 0*f - f. Suppose -4*d + 2*p = -14, -a - 5 = 5*p. What is the units digit of (5/10)/(d/24)?
6
Let c be (-1)/(-2) + 33/(-2). Let w = c - -24. What is the units digit of w?
8
Let n be (-96)/42 + (-2)/(-7). Let s(q) = -3*q - 1. Let h be s(n). Suppose -3*u - 4 = 5*r - 55, -h*r = -2*u - 41. What is the units digit of r?
9
Let f(i) = 10*i**2 + 30*i - 1. What is the units digit of f(4)?
9
Suppose 1 = y + 4*c - 18, 7 = y + c. Suppose -y*s = 2*s - 85. What is the units digit of s?
7
Let s(p) = -p**3 + 8*p**2 + 10. Let w be s(8). Suppose q - w = 18. Suppose -4*o + q + 12 = 0. What is the tens digit of o?
1
Let q = 9 - -54. What is the tens digit of q?
6
Suppose -52 = -8*w + 7*w. What is the tens digit of w?
5
Let r(x) be the third derivative of x**7/5040 + x**6/180 - x**5/60 - x**2. Let j(z) be the third derivative of r(z). What is the units digit of j(0)?
4
Suppose -v - 4*r - 172 = 0, -5*r - 395 = 2*v - 48. What is the units digit of v/(-28)*14/4?
2
Suppose -2*d = -5*d - 12, 4*y + 3*d = -56. Let i = 15 + y. Let t = i + -1. What is the units digit of t?
3
Suppose -35 = -9*h + 4*h. Let a(y) = 2*y - y**3 - h + 8*y**2 - 2*y**2 + 2*y**3. What is the units digit of a(-5)?
8
Suppose 4*i = -0*i. What is the units digit of i + -2 - 13*-1?
1
Let m(a) = a**3 - 3*a**2 - 4. Let j be m(3). What is the units digit of 106/10 + j/(-10)?
1
Suppose 5*a - 14 - 11 = 0. Suppose -t + 20 = -0*i - 4*i, -a*t + i = -138. What is the units digit of t?
8
Let f be (12/10)/((-3)/15). Let v = f - -2. What is the units digit of 6*(64/(-6))/v?
6
Let g(i) = -8*i + 8. Let s be g(7). Let q = s - -70. What is the units digit of q?
2
Suppose 4*g - 3*s + 11 = 0, 3*g - 1 = 2*s - 8. What is the tens digit of (g - 2) + 15 + -3?
1
Suppose x - 2*a - a = -7, 4*a - 7 = -x. What is the tens digit of (x + 3 + -3)*-13?
1
Suppose 2*x = -0*x - p + 15, -5*p = -25. Suppose x*j - 85 = -0*j. Suppose k - j = -0*k. What is the units digit of k?
7
Suppose -517 = 5*d - 1342. What is the units digit of d?
5
Suppose -4*c - 50 = -258. What is the tens digit of c?
5
Suppose q - 357 = -4*b, 3*b - 15 = 8*b. What is the hundreds digit of q?
3
Suppose -5*f + 2*n + 978 = 0, 594 = 3*f + 2*n - 5*n. What is the hundreds digit of f?
1
Suppose -o = b - 5*o - 3, 3*o = 5*b - 15. Let x be 1 + (-1 - -1) - 1. Suppose x*d - 2*d - 46 = -2*t, 0 = -b*d - 15. What is the tens digit of t?
1
Let x = 314 - 194. What is the tens digit of x?
2
Let x be (3/12)/((-1)/(-4)). Let q = 7 + x. What is the units digit of q?
8
Let z = 27 - -14. Let q = z - 20. What is the units digit of q?
1
Suppose -4*g = -g - 3. Suppose 3*r + 4*c = -14, 2 = -r - 5*c + g. Let t = r - -10. What is the units digit of t?
4
Suppose f = -2*j - j + 146, 0 = -5*j + f + 230. What is the tens digit of j?
4
Let v(j) = 16*j + 6. Let q(i) = 3*i + 1. Suppose -3*y + 10 = 2*y. Let s(u) = y*v(u) - 11*q(u). What is the units digit of s(-8)?
9
What is the units digit of (-22)/(-3) + 4/(-12)?
7
What is the units digit of (12/8*2)/((-9)/(-435))?
5
Let b(f) = -87*f - 2. What is the tens digit of b(-1)?
8
Suppose 4*d + 12 = 3*i - 14, d - 3 = -4*i. What is the units digit of i?
2
Let t = 8 + 19. What is the units digit of t?
7
Suppose -168 = -m - 5*m. What is the tens digit of m?
2
Let o be (1 - 45/(-3)) +